 divided by q.
10
Suppose 10 = -2*h - 5*l + 76, 3*h = -2*l + 88. Calculate the remainder when 55 is divided by h.
27
Suppose 3*r - 8*r = -3*g + 19, 3*r = 5*g - 37. Suppose -g*h + 175 - 31 = 0. What is the remainder when 53 is divided by h?
17
Let b(r) be the second derivative of 0 - 8*r**2 + 1/3*r**3 + 5*r. What is the remainder when 15 is divided by b(12)?
7
Suppose x - 4 = 0, 0 = 3*v - 4*x - 86 + 3. Suppose 7*s - 131 = -5. What is the remainder when v is divided by s?
15
Let z = 0 - 3. What is the remainder when 70 is divided by (3*(-1)/z)/(-1) - -13?
10
Let f be (-2)/(-7) + (-72)/7. Let w(g) be the third derivative of -g**5/60 - 11*g**4/24 - 7*g**3/6 - 39*g**2. Calculate the remainder when 3 is divided by w(f).
0
Let j be (-38)/14 + (10/(-7))/5. Calculate the remainder when j/(1/30*-2) is divided by 16.
13
Let w(t) = t**2 + 8*t + 82. Calculate the remainder when 206 is divided by w(-5).
5
Suppose -4*g + 0*g = -2540. Suppose -13*f + 2481 = g. Calculate the remainder when f is divided by 35 + 0 + 0 + 1.
34
Suppose -5*m = 5*i - 520, -i - 4*m + 198 = i. Let d = -57 + i. Let h = d + -25. Calculate the remainder when 79 is divided by h.
25
Suppose 0 = 1281*l - 1278*l - 261. What is the remainder when l is divided by 45?
42
Let i(c) = c**2 - 2*c + 5. Let d(g) = -46*g + 109. Calculate the remainder when i(-4) is divided by d(2).
12
Let p = -42 - 0. Let j = p + 53. Suppose -16 = -l + 12. What is the remainder when l is divided by j?
6
Suppose 5*g + 4*b = 692, 3*g + 4*b - 348 = 64. What is the remainder when g is divided by 20?
0
Let b = 16 - 10. Let a = 497 + -474. Calculate the remainder when a is divided by b.
5
Let v(z) = -z**3 - 2*z**2 - 3*z - 3. Let n be v(-2). Suppose 15 = n*w + 2*w. What is the remainder when 9 is divided by w?
0
Let g = 110 - 74. Calculate the remainder when 61 is divided by g.
25
Let v(m) = 52*m - 2. Let a(g) be the second derivative of -g**3/6 - g**2/2 - 5*g. Let d(k) = -4*a(k) + v(k). What is the remainder when d(1) is divided by 15?
13
Calculate the remainder when 3*((-52)/39 - (-73)/3) is divided by 28.
13
Let t be ((12/(-9))/2)/((-5)/15). Let v = 14 + t. What is the remainder when 63 is divided by v?
15
Let r(a) = -3*a**2 - 2*a - 6. Let n be r(3). Calculate the remainder when (-1142)/(-14) + n/(-91) is divided by 12.
10
Let d be (20/(-6))/(4/(-6)). Suppose 0 = 3*m, -2*y + 2*m + 7 = -3. Suppose 5*z = -d*t + 312 - 77, t - y*z = 65. What is the remainder when t is divided by 13?
11
What is the remainder when ((-11)/99 + 11/18)*8 is divided by 2?
0
Let z be (-5 - -1)/(4 - 5). Suppose -z*t + 7 + 29 = 0. What is the remainder when (10/(-15))/(2/(-45)) is divided by t?
6
Suppose 0 = 2*g + c - 357, -g - 4*c + 6*c = -171. Calculate the remainder when g is divided by 46.
39
Let o be (1*6 - 1) + -1. Suppose 0 = -o*g - 4*q + 44, -2*g + 7 = -5*q - 50. Let f(t) = -9*t + 62. What is the remainder when f(0) is divided by g?
14
Suppose 5*z - 4*t + t - 25 = 0, -25 = -5*z - 4*t. Suppose 28 + 292 = z*j. What is the remainder when j is divided by 13?
12
Let p(b) = -b**2 - 21*b - 20. Let r be p(-17). Suppose -3*q = n - 102, 4*q - 165 + r = 5*n. Calculate the remainder when 130 is divided by q.
31
Let v(w) be the second derivative of -w**3/2 - 9*w**2 - 4*w. Let r(y) = 15*y**3 + 1. Calculate the remainder when r(1) is divided by v(-9).
7
Suppose -2*t - 7 = -5*w, -3*t - 4*w - 5 = 17. Let f = 21 - t. Suppose -2*o + s + 13 = 0, 4*o - f = s - 0*s. What is the remainder when o is divided by 3?
1
Suppose -4*t + 17 = -4*b - 119, 0 = -2*t + 4*b + 76. What is the remainder when 172 is divided by t?
22
Let s be (-25)/(-9) - (-6)/27. Suppose 4 = -i + 21. Calculate the remainder when (-14 + -8)*s*-1 is divided by i.
15
Let l(x) = -x**2 - x + 3. Let b be l(-3). Calculate the remainder when (-1)/b - (-258)/9 is divided by (-104)/(-10) + (-8)/20.
9
Suppose -6*r + 827 = -r + 3*j, -5*r + j + 831 = 0. Suppose 9*u = 4*u + 210. What is the remainder when r is divided by u?
40
Suppose t - 6*t + 485 = 0. Let o = -103 - -178. Suppose 3*s = -3*u + o, 4*s + u = -2*u + 100. What is the remainder when t is divided by s?
22
Calculate the remainder when (-12397)/(-483)*6/2 is divided by 50.
27
Let v(q) = -3*q - 5. Let a(r) = -4*r - 5. Let p(u) = -4*a(u) + 5*v(u). Calculate the remainder when 4 is divided by p(7).
0
Suppose -3*s - 5*d + 3 + 58 = 0, 2*s = -2*d + 38. Suppose -4*r + 4*c = -28, r - 1 = 2*r + c. Calculate the remainder when s is divided by 45/r + -3 + -1.
6
Suppose 9 = g - 14. Suppose -t + 5*u + 10 = 2*t, 0 = 2*t + 4*u - 14. Let q = 3 + t. What is the remainder when g is divided by q?
7
What is the remainder when 129 is divided by (-1)/2*3/1*-6?
3
Let a(g) = g + 8. Let p be a(-7). Let k = -18 + 22. Suppose -k*l = q - 19, 0*q + 5*l = 2*q + p. Calculate the remainder when 27 is divided by q.
6
Suppose 109 = -v + 2*v. What is the remainder when v is divided by 7 + 12 + (5 - -16)/(-7)?
13
Suppose u = 2*u + 22. Let x = u - -26. What is the remainder when 7 is divided by x?
3
Let l be -45*4*(-91)/26. Suppose -4*n + 146 = -l. Calculate the remainder when n is divided by 39.
38
Let w = 175 - -17. Suppose -w = -5*x + 33. What is the remainder when x is divided by 2*(-2 + -1)*-2?
9
Let x = 2601 + -2593. What is the remainder when 12 is divided by x?
4
Suppose 0 = 4*l + 23 + 1. Let r(k) = k**2 + 4*k - 7. Let d be r(l). Suppose 5*s = -d*g + 35, s + 4 - 47 = -5*g. Calculate the remainder when g is divided by 5.
4
Let t = -1 + 13. Suppose 12*s - 545 = 7*s. Let d = s - 75. What is the remainder when d is divided by t?
10
What is the remainder when 267/(77/(-22) - -5) is divided by 57?
7
Let g(c) = c**2 + c - 8. Let y be g(-4). Suppose -j - 17 = -r, -y*j = 3*r - 2*r - 22. Calculate the remainder when 35 is divided by r.
17
Let t(k) = 2*k**3 - 46*k**2 + 11*k - 236. Let f = -4 + 8. Calculate the remainder when t(23) is divided by f.
1
Suppose 0 = o - q - 183, 3*o - o - 396 = -4*q. Calculate the remainder when o is divided by 49.
41
Suppose 0 = 2*b - 10, -4*b = 3*p - 6*b + 292. Let u = p - -101. Calculate the remainder when 33 is divided by u.
5
Let i(r) = r + 12. Suppose 5*m = 4*m + 3. Calculate the remainder when (-4)/12*(-54)/m is divided by i(-8).
2
Let h = 13 - 9. Suppose 2*l = 3*m + 1, 5*l = 4*m - 6*m + 12. Suppose -3*i = -3*y - 12, -i - 4*y = y + l. What is the remainder when h is divided by i?
1
Let q be 20/15*18/8. Suppose q*j = 6, 4*y - 5*j = -j + 676. Suppose x + y = 6*x + 4*o, 0 = 3*o + 3. Calculate the remainder when 103 is divided by x.
33
Let x(t) = 4*t + 91. What is the remainder when x(10) is divided by 19?
17
Suppose m - 87*a - 698 = -83*a, -2753 = -4*m + 3*a. Calculate the remainder when m is divided by 10.
6
Calculate the remainder when ((-60)/(-50)*-1)/((-3)/315) is divided by 36.
18
Let b(h) = -h**3 - 2*h**2 + 3*h + 8. Let s be b(-4). Let d = s + -22. What is the remainder when 9 is divided by d?
3
Let k = -50 + 86. What is the remainder when 139 is divided by k?
31
Let d = 125 + -40. Let z = 95 - d. What is the remainder when 59 is divided by z?
9
Let x be -4*(-4 + 14)/2. Let z = 7 - x. Calculate the remainder when z is divided by 7.
6
Let q = 206 + -169. What is the remainder when q is divided by 20?
17
Let n be ((-438)/(-9))/(1/(-2 + 5)). Suppose 5*u = -n + 216. What is the remainder when u is divided by 12?
2
Let u(r) = r**2 + 7*r - 21. Let s be u(-10). Let q(c) = 3*c - 19. Suppose n = -0*n, 0 = -3*y - n + 42. Calculate the remainder when y is divided by q(s).
6
Let n(x) = -x**3 - 8*x**2 - 8*x - 5. Let m be n(-7). Suppose 0 = 3*c - m*d - 2*d - 662, -2*d + 224 = c. Calculate the remainder when c is divided by 32.
30
Let n(w) = 35*w**2 + 2. Let q be n(-4). Suppose 2*b - 3*x = -624, b + 5*x + q = 237. Calculate the remainder when ((-1)/3)/(7/b) is divided by 4.
3
Let w(f) = 2*f**3 + 79*f**2 - 49*f - 86. Calculate the remainder when w(-40) is divided by 123.
28
Let v(s) = 100*s - 6. Let a be v(4). Suppose 0 = -5*f + 4*n + a, -3*n + 5 = -8*n. Suppose -x + 3*x = f. Calculate the remainder when x is divided by 10.
9
Let t(o) = o**3 + 7*o**2 + 3*o - 3. Let h(c) = -c**3 + 7*c**2 + 7*c + 10. Let s be h(8). What is the remainder when t(-4) is divided by 9/(-12)*(s + -18)?
9
Suppose a = 2*s + 11 + 106, -3*a + 348 = -3*s. What is the remainder when a is divided